k(-16). Suppose 69057 = 17*r - g. Is r a prime number?
False
Suppose 913271 = 5*j + 3*d, -2*j + 365308 = -8*d + 9*d. Is j a composite number?
False
Let t = 238339 + -94116. Is t composite?
False
Let a be (-36)/60*-5*1. Suppose 5*q = -a*p + 10777 + 16230, -3*p - 4*q + 27005 = 0. Is p a composite number?
False
Let x be (-1)/(2*5/70). Let o = -2 - x. Suppose 3*v + 4*g = 121, -o*v + 4*g - g = -192. Is v prime?
False
Let h(m) = 37369*m - 386. Is h(3) prime?
True
Suppose 0 = 8*k + 49 + 15. Let t be ((-324)/48)/((-3)/k). Is (-3617)/(-11) - t/99 a composite number?
True
Let g = 2 + -22. Let v(q) = 18*q - 365*q**2 - 345*q**2 - 13 + 712*q**2. Is v(g) prime?
False
Let u(v) = 1 + 21 + 65*v + 6. Let r be u(11). Suppose -2*x - 270 = -3*w + r, -3*x + 1038 = 3*w. Is w a composite number?
True
Let j = 15961 + 372282. Is j prime?
False
Let p(r) = 4376*r**2 + 6*r - 35. Is p(3) prime?
True
Suppose -10*s + 13 = -37. Suppose -40 - 45 = s*k. Let u(a) = -a**2 - 32*a + 2. Is u(k) prime?
True
Let q(j) = 1225*j**2 - 16*j + 33. Let k be q(8). Suppose 0 = 4*d - 5*b - 30169 - 32475, 5*d + 2*b = k. Is d composite?
False
Let n(z) = -74*z**2 + 139*z**2 + z + 605 - 64*z**2. Let v be n(0). Suppose 5*a + v = 2260. Is a composite?
False
Let w(k) = 2*k**2 + 2*k. Let u be w(2). Let f(a) = 20*a**2 + 5*a - 13. Is f(u) a prime number?
True
Is 3/(-63) + (-2926431456)/(-6552) a prime number?
True
Suppose 72 = -7*g + 107. Suppose 4*z - 2*v - 3966 = 0, 4*z + 0*v - 3931 = -g*v. Is z composite?
True
Let y(w) be the second derivative of -4*w**3/3 - 77*w**2/2 + 23*w. Let s be 405/(-18) + 3/(-2). Is y(s) a prime number?
False
Suppose -4*y - 49 = -2*c - 5, 10 = -2*y - 5*c. Is (-5505)/y*(12/9 + 2) prime?
False
Suppose -3*o - o = 3*q, 20 = -5*q. Let a = o - 23. Let u = 105 + a. Is u a prime number?
False
Let p = -324 + 316. Let i(x) = -x**3 + 7*x + 25. Is i(p) prime?
False
Let o(b) = 19*b**3 + 9*b**2 - 22*b - 28. Let k be o(-8). Let h = -1935 - k. Is h composite?
False
Let a = -101 - -65. Is a/4 - (-14122 - 10) composite?
True
Let b = -40 + 2141. Let g = -4068 + 4073. Suppose -s - 74 = 4*j - b, 4119 = 2*s - g*j. Is s prime?
False
Suppose -77*t + 183627 = -68*t. Is (t/(-30) - 12/30)*-2 a composite number?
False
Let q = -582161 - -2370172. Is q composite?
False
Let c = 3 + 1. Suppose c*a - 3*l - 27 = 0, 0*a - a + 8 = -l. Suppose -d + a*b = -2, d - 5*b + 3 + 1 = 0. Is d prime?
True
Let i(h) = -2162*h + 760. Let w(u) = 1081*u - 380. Let a(k) = -4*i(k) - 7*w(k). Is a(9) prime?
True
Let c = 179 - 161. Is (-4)/c + 602/54*177 prime?
True
Suppose 2*z = -5*i + 389251, -2*z - 233535 = -3*i + 2*z. Is i a prime number?
True
Let i be ((-25)/(-50))/((-2)/(-8832)) - -2. Let h = i - -185. Is h a composite number?
True
Let m = -97218 + 137605. Is m composite?
False
Suppose 265*r = 258*r + 1510159. Is r a composite number?
False
Suppose -5*w + 80*p + 164363 = 83*p, 0 = 5*w + p - 164351. Is w a composite number?
False
Let o(k) = -161*k + 6. Suppose -m + 2*v + 17 = 0, 4*v + 46 - 131 = -5*m. Let f be 1/4 + 30/8 - m. Is o(f) prime?
True
Is 2493018/306 - ((-132)/34 + 4) composite?
False
Suppose -3*r + 354 = 3*l, 0*l + 590 = 5*r - 3*l. Let o = -118 + r. Suppose 3*f = -3, o*u - 4*u = 3*f - 385. Is u a composite number?
False
Suppose 2572944 - 1173149 + 3517033 = 28*j. Is j composite?
False
Let d(q) = -129*q**2 + 13*q - 23. Let n be d(7). Let x = -1592 - n. Is x a prime number?
False
Let c(l) = -37*l - 6. Let o be c(1). Let b = o - -51. Let y(w) = -w**3 + 15*w**2 - 3*w - 5. Is y(b) a prime number?
True
Suppose 9*u + 3*n = 4*u + 61791, 0 = u + 5*n - 12345. Let t = 20569 - u. Is t a prime number?
True
Let r = 584918 - 344367. Is r a prime number?
True
Suppose -2*x - 2*v + 4 = 2*x, -3*x = -2*v - 17. Suppose -4*z - 4 = 0, 4*z - 174 - 1241 = -3*p. Suppose -13 = -4*b + x, -p = -g + 3*b. Is g composite?
True
Let j(k) = 2*k**2 + k. Let t(o) = -15*o**2 - 20*o + 16. Let g(y) = -5*j(y) - t(y). Is g(18) prime?
False
Let k(j) = 99*j**3 - 14*j**2 + 52*j + 82. Is k(11) a composite number?
False
Let w(b) = -b**3 - 7*b**2 + 2*b - 19. Let p be w(-8). Suppose -p*c + 27*c = -24638. Is c composite?
True
Let h = -25226 - -35785. Is h a prime number?
True
Let y be (19 + -20)*(-2 - 563)*-1. Let b = y - -1964. Is b composite?
False
Suppose -25901 = -3*l - 377. Suppose -10*p + 3252 = -l. Suppose 2*q = 2*g - p + 150, 0 = 3*q - 3. Is g a composite number?
True
Let u(y) = -46*y**3 - 3*y**2 - 24*y - 9. Let c be u(9). Is c/(-6)*(175/15)/5 a prime number?
False
Suppose 0 = -20*g - 117 - 263. Let z(v) = 2*v**3 - v**3 - 21 + 0*v + 10*v**2 + 12*v**2 + v. Is z(g) a composite number?
True
Suppose s + s = 4*a - 67518, a + 2*s - 16892 = 0. Suppose 9*p + 4579 - a = 0. Is p prime?
True
Suppose -6*z - 2 = -7*z. Suppose -i + 12284 = 3*p, z*i - 5040 = -2*p + 3156. Suppose 3*h = -3*q + q + p, -4*h = q - 5449. Is h prime?
True
Let d(f) be the first derivative of 29*f**6/180 + f**5/24 + f**4/24 - 10*f**3/3 - 19. Let i(h) be the third derivative of d(h). Is i(-2) a composite number?
False
Let a(p) = 80*p + 9. Let o(y) = y**3 + 2*y**2 + y + 16. Let z be o(-3). Is a(z) a prime number?
False
Let k(x) = -x + 9. Let d be k(5). Suppose 13523 = d*t - r, -r - 3142 = -t + 238. Suppose t = 2*z - 133. Is z composite?
True
Let j = -21977 + 78766. Is j composite?
True
Suppose -3*k = 5*r - 183253, -78*k + 75*k + 183289 = -4*r. Is k prime?
True
Let r = -10 - -7. Let p = 7860 + -4073. Is (-6)/(-9) - p/r a prime number?
False
Let s = 374 - 371. Suppose s*c - 23 = -8, c - 1087 = -2*d. Is d a prime number?
True
Let p = 16730 - -2931. Let o = -394 + p. Is o a composite number?
False
Let u(c) = 138*c**2 + 172*c**2 - 5*c - 88*c**2 + 2*c - 4. Let n be u(3). Suppose -24*x = -23*x - n. Is x a prime number?
False
Let t = -544 - -587. Suppose 30*q - t*q + 34411 = 0. Is q a composite number?
False
Suppose -12*f + 8 = -208. Let o(l) = 12*l - 74*l + 6 + f + 31. Is o(-8) composite?
True
Let s(o) = -o**2 + 23*o + 27. Let u be s(24). Suppose 4*j - 3*b - 4017 = 5912, 0 = -u*j + 5*b + 7444. Is j a composite number?
True
Suppose 217 - 206 = -b. Let x = 398 - b. Is x a prime number?
True
Let n = 108130 + -50153. Is n a prime number?
True
Let l(c) = -66*c**3 - c**2 - 4. Is l(-9) a prime number?
True
Let q(p) = p**2 - 10*p + 8. Let f be q(6). Let g be 0 - -1*f/4. Is (g/(-6))/(((-44)/714)/(-11)) composite?
True
Suppose 482*k - 40599631 + 36901663 = 68504186. Is k a composite number?
True
Suppose 23145 = 227*s - 212*s. Is s prime?
True
Let z(y) = 55546*y**2 + 44*y + 317. Is z(-7) prime?
False
Let s = 8 - -102. Let d = 83 + -32. Let p = d + s. Is p prime?
False
Suppose -5*f + 15*p = 20*p - 231910, 0 = 3*f - 2*p - 139151. Suppose 4*y - 8*i = -12*i + 46408, -f = -4*y + i. Is y composite?
False
Is 2 + -1 - 7 - (36 + -18703) composite?
False
Suppose 518601 + 3003139 = 5*z + 3*h, 3*z - 2113015 = 4*h. Is z a prime number?
False
Suppose 4*v = -o + 2267, -5*v + 0*v + 2818 = -4*o. Suppose -5*y + 6781 = v. Is y a prime number?
False
Let m be (((-21)/2)/(-7))/((-15)/(-20)). Suppose -m*t + 2*f = -346, -5*t - 427 = -f - 1308. Is t prime?
False
Suppose 34*a - 74965 = -19205. Suppose -4*h = 3*o - o - a, -3*h = -3. Is o a composite number?
True
Let f(n) = -n**3 - 6*n**2 - 3*n + 17. Let i be f(-5). Suppose 2*r - 2*m - 1166 = 0, -i*r = -2*r + 5*m - 2945. Is r a prime number?
False
Is 812 + -815 + 6*-2*42296/(-6) a prime number?
True
Let w(h) = 9*h**3 - 39*h**2 - 51*h + 77. Let o(i) = -11*i**3 + 39*i**2 + 50*i - 79. Let j(f) = -5*o(f) - 6*w(f). Is j(-30) a prime number?
True
Suppose -14*l + 15*l - 9521 = -g, 0 = -4*g + 12. Is l composite?
True
Let v be ((-1)/3)/(3/9)*811. Let y = -309 - v. Is y a prime number?
False
Let w be (-70)/(-28)*6/5. Let h(l) = -4*l**2 + 3*l + 4*l**3 + 4 - 9 + 6. Is h(w) composite?
True
Let q(c) = -384*c + 527. Is q(-15) prime?
True
Is (-48)/12 + 56844 + -3 + 4 a composite number?
True
Suppose -294 = 11*a + 740. Let v = 315 - a. Is v prime?
True
Let s(a) = -31*a**2 + 8. Suppose 2*h - 32 = -6*h. Let z be s(h). Is (10/(40/(-6)))/(6/z) composite?
True
Is 48673/(-1)*(4 + (-16 - -11)) composite?
False
Suppose 22*j - 9*j - 13 = 0. Let a = 11 - 26. Is (11/(-3))/(j/a) a prime number?
False
Let h = -130085 - -837254. Is h a composite number?
True
Suppose u - 3*u + 24 = 4*t, -4*u - 3*t + 68 = 0. Suppose -8*o +